= y + 8. What is g(k)?
-8
Suppose -4*n + 51 = 5*a, -4*a - 4*n = -13 - 31. Let g(k) = k**3 - 8*k**2 + 3*k + 7. What is g(a)?
-21
Let t(g) = g**3 + 5*g**2 + g + 4. Suppose 4 - 16 = -3*v. Let x(w) = -w**3 - 5*w**2 - 2*w - 3. Let s(a) = v*x(a) + 5*t(a). Determine s(-6).
-10
Let y be (-14)/(-8) + (-1)/(-4). Suppose -y*i + 3*p = 2*p + 4, -4*i + p = 12. Let v(b) = -b**3 - 3*b**2 + 2*b + 4. What is v(i)?
12
Suppose -5*h + 47 + 48 = 0. Let c = -17 + h. Let q(s) = -7 - 5*s + c + 5*s**2 - s**3 + 3. Give q(4).
-6
Let q(d) be the first derivative of -d**2/2 + d - 18. Calculate q(1).
0
Let r(m) = m + 3. Let u be -28 - 0/(-3)*1. Let b = 25 + u. What is r(b)?
0
Suppose -v = 4*w, 2 = v + 5*w - 2*w. Let u(r) = 7*r**3 - 18*r**2 + 9*r + 10. Let x(o) = -3*o**3 + 9*o**2 - 5*o - 6. Let i(n) = 2*u(n) + 5*x(n). What is i(v)?
-2
Let n(z) = 17*z**2 - 61*z + 23. Let t(k) = -6*k**2 + 22*k - 8. Let c(i) = 4*n(i) + 11*t(i). What is c(2)?
8
Let s(y) = y**2 + 2*y + 1. Suppose r + 6 - 1 = 0, -r = -5*p + 5. Suppose 4*m + 81 - 97 = p. Calculate s(m).
25
Let o(u) = -u + 1. Let t(y) be the first derivative of y + 9. Let s(a) = o(a) - t(a). Give s(-5).
5
Let y(z) = -z + 3. Let f(g) be the first derivative of -g**4/4 + 2*g**3 - 7*g**2/2 + 2*g + 2. Let t be f(5). Let a be (-2 + -1)*t/6. Give y(a).
-1
Let l(c) = 13*c + 10. Let s(a) = 11*a + 8. Let m(b) = 3*l(b) - 4*s(b). What is m(-6)?
28
Let z(b) = -6*b**2 + 3*b - 3. Let v(g) = -g**3 + 8*g**2 - 13*g - 6. Let k be v(5). Suppose -k*o = -4*h - 20, -4*o - 2*h + 3*h + 11 = 0. Determine z(o).
-21
Let d(c) = 2*c**2 + 5. Let h(k) = 15*k**2 + 3*k + 33. Let w(g) = 7*d(g) - h(g). Let y = -1 - 3. Calculate w(y).
-2
Suppose 21*n - 30*n + 27 = 0. Suppose -n*l + 22 = 19. Let i(w) be the first derivative of 2*w**3 - w - 1. Give i(l).
5
Suppose 0 = -4*m + 11 + 5. Suppose 4 = -2*i, -2*q = 5*i - 0*i + m. Suppose -q*c = -8*c - 30. Let n(g) = -g**2 - 5*g. Determine n(c).
-6
Let b(p) = p**2 - 16*p + 49. Let f be b(4). Let x(h) = -6*h + 1 - 3*h**3 + 2*h**2 - 3*h**3 + 4*h. Determine x(f).
-5
Suppose 10 + 4 = 2*m + 2*a, 2*m + 6 = 3*a. Let u(v) = v**3 - 3*v**2 - 2*v + 3. Determine u(m).
-3
Let q(n) = 2*n**2 - 5*n + 3. Let x be q(3). Let z(v) = 1 + v + x*v**2 + 9 - v**2 - 4*v**2. Let i = 25 + -25. What is z(i)?
10
Let q be (1 + -11)*5/(-10). Suppose 13 = q*z + 3. Let f(h) = -7 + 8*h - h**3 - 3*h - 6*h**z + h. What is f(-7)?
0
Suppose -5*i = 5*x - 45, -4*i + 4*x = -0*x - 12. Let k(n) = 19*n**2 - 6*n - 7. Let q(f) = 22*f**2 - 6*f - 7. Let a(m) = -7*k(m) + 6*q(m). What is a(i)?
7
Let d(p) = 4*p**2 - 13*p - 9. Let r be d(4). Let h(a) be the second derivative of a**2 + 2*a + 0 - 1/3*a**4 - 1/6*a**r + 1/20*a**5. Calculate h(3).
-10
Let a(d) = 2*d**2 - 16*d + 10. Let o be a(7). Let l(y) = 3*y - 27*y**3 + 6 + 4*y**2 + 49*y**3 - 21*y**3. Let q be l(o). Let m(j) = -2*j - 7. Determine m(q).
5
Suppose -174*p + 168 = -195*p. Let a(t) = -11 + 10*t**2 - 9*t + 0*t**2 + t**3 - 3*t**2. Give a(p).
-3
Let l(t) = 2*t**3 - 3*t**2 - 5. Let n(u) = -u**3 + 2*u**2 + 2. Let z(x) = 2*l(x) + 5*n(x). Suppose -o + 8 = 41. Let i be 88/o*3/(-2). Calculate z(i).
0
Let k(o) = -5 + 50*o + 46*o - 97*o. What is k(-6)?
1
Let s(w) = w**2 - w - 3. Let a = -34 + 39. Suppose -y + 2 - a = 2*v, -5*y + 5*v = -30. Calculate s(y).
3
Let f(q) = 3*q + 40*q**2 - 2 - 3 - 36*q**2. Let v(k) = 13*k**2 + 9*k - 16. Let i(c) = 7*f(c) - 2*v(c). Give i(-3).
6
Let w(t) = -t - 11 - 18 + 2*t + 30. Let y(i) = -1 + 3 + 6 + 3*i. Let b(v) = -5*w(v) + y(v). What is b(4)?
-5
Let n(i) = 48*i**2 + 11 - i**3 + 6*i - 44*i**2 - 16. What is n(5)?
0
Let f = -29 - -49. Suppose 0 = g - 10 - f. Suppose g = 3*n - 0*n - 5*c, 3*n - 3 = -4*c. Let s(j) = j**2 - 7*j + 2. Determine s(n).
-8
Let l(x) = -x**3 + 4*x**2 - 3*x + 3. Let c = -168 - -164. Suppose -4*d + 1 = y + 7, -3*y = 6. Let t = d - c. Determine l(t).
3
Let x be ((-3)/(-2))/((-12)/(-256)*-4). Let f(k) = k**3 + 7*k**2 - 9*k + 4. What is f(x)?
12
Suppose 0 = 3*f - d - 14, f = 3*f + 3*d + 9. Let q(p) = 0*p + f*p - 2*p - 6 + 0*p. Calculate q(3).
-3
Let w(p) = 5*p + 2 - 2*p - 4*p + 0*p. Let z = 8 - 11. Calculate w(z).
5
Let m(z) = 61*z - 86 + 82 - 60*z. Determine m(10).
6
Suppose -5*n = -w - 2, 5*n = 2*n + 6. Let t be -5 + 2 + 6 + 2. Let b(c) = -t*c + c + 11 - c + 3*c. Calculate b(w).
-5
Suppose 4*t = q + 3*t + 7, 4*t = -8. Let r(a) = -11*a**3 - 30*a**2 - 19*a + 1. Let y(s) = -4*s**3 - 10*s**2 - 6*s. Let h(d) = 3*r(d) - 8*y(d). What is h(q)?
3
Let c(m) = 4*m - 10. Let b = 965 + -958. Calculate c(b).
18
Let r(j) = 15*j**2 - 3*j - 29. Let n(h) = -7*h**2 + h + 14. Let u(b) = b**3 + 9*b**2 - 19*b + 20. Let x be u(-11). Let c(k) = x*n(k) - 6*r(k). What is c(-6)?
-2
Let b = 3 - 1. Suppose 0 = 5*t + b*x - 0*x + 5, 2*t - 5*x = 27. Let z(c) = c - 1. Give z(t).
0
Let i = 1 + -8. Let q(l) = -l + 1. Let t(d) = -12*d - 1. Let w(y) = -3*q(y) + t(y). Let h(b) = -10*b - 5. Let j(g) = i*w(g) + 6*h(g). What is j(4)?
10
Let m(o) = 31*o**2 + o - 1. Let b be ((21/(-6))/(-7))/(12/24). Calculate m(b).
31
Let a(k) = 2*k - 2. Suppose 232*w - 239*w - 77 = 0. Determine a(w).
-24
Suppose -y + 10 = -4*a, -3*y + 10 = -0*a - 2*a. Let c(n) = y*n - 8 - 3 + 2. Suppose -2*w - 16 = -2*f - 0*f, -5*f - 5*w + 20 = 0. Calculate c(f).
3
Let p(u) = 0*u**3 + 1070*u**2 - 4 - 1071*u**2 + u**3. What is p(0)?
-4
Let h(d) = d**3 - 4*d**2 - 4*d + 3. Let v be 690/(-24) - (-3)/4. Let u = v + 32. Determine h(u).
-13
Suppose 1 = -3*k + 19. Let b(n) = -76*n + 18. Let v(w) = -17*w + 4. Let y(d) = 4*b(d) - 18*v(d). Give y(k).
12
Suppose a = 3*a. Suppose a + 9 = 3*x. Let t(h) be the first derivative of h**4/4 - 4*h**3/3 + 2*h**2 + h - 4. What is t(x)?
4
Let p(h) = 3*h + 5. Suppose 0 = -5*n - 5*x - 10, -n + 2*x - 2 = -6. Suppose n = 2*a - 5*a + 15. Suppose 3*t = 4*s + 10, -a*t = -3*s - 2*t - 6. What is p(s)?
-7
Let v(d) = -d**2 - d. Let p(q) = 3*q**2 - 7*q. Let b(h) = p(h) - 6*v(h). Let s = 315 + -316. What is b(s)?
10
Suppose 3*i - 2*j - 4 = 0, -5*j + 0 = -i - 3. Let p(h) = 5*h**2 - i*h**2 + 8*h - 6 - 4*h**2. Give p(8).
-6
Let l(h) = -h. Let v be (26/(-6))/((-4)/(-12)). Let n = v + 22. Let b be n - 3 - (0 - 0). Give l(b).
-6
Let n(v) = -27*v + 11. Let p(y) = -11*y + 1. Let z(h) = 2*n(h) - 6*p(h). Give z(-2).
-8
Suppose 0*m = 9*m - 81. Let z(j) be the third derivative of j**4/24 - 7*j**3/3 - 4*j**2 + 1. Calculate z(m).
-5
Let n(u) = 3*u + 2. Let s be (27/36)/((-2)/16). Let q be (9/3)/s*4. Give n(q).
-4
Let o(j) = -17*j - 4*j**2 - 45 + 32 + 73 + 5*j**2. Let z be o(12). Let y(f) = f - 6. Calculate y(z).
-6
Suppose -3*n - 24 = 3*d, 4*d - 4*n + 17 = -7. Let m(b) = -4 - b**2 - 2*b - 25*b**3 - 29*b**3 + 8*b**2 + 55*b**3. Calculate m(d).
10
Suppose -l + 0*l = 3. Let r be 9/(-6)*2/l. Let q(s) = -4*s**3 - s**2 - 3*s - 4. Let k(f) = f**3 - f**2 - f - 1. Let w(c) = -3*k(c) + q(c). What is w(r)?
-6
Let c(n) = 2 + n**2 + n**2 + 6*n - 5*n**3 - 6*n**2 + 4*n**3. Suppose 4*t = 2 + 138. Suppose 5*h + t - 10 = 0. Give c(h).
-3
Let o(t) = -8*t**2 + t. Suppose 0 = 3*m - 5*m - 18. Let w = 11 + m. Suppose 6*n - 4 - w = 0. Give o(n).
-7
Let u(q) = 1. Let i(a) = -a + 25. Let h(z) = i(z) - 5*u(z). Calculate h(13).
7
Let s(p) be the second derivative of -p**4/12 + 10*p**3/3 - 15*p**2/2 + 21*p. Let f be s(19). Let d(u) = u**2 - u + 1. Give d(f).
13
Let l(s) be the third derivative of s**7/2520 + s**6/144 - s**5/20 - s**4/4 - 2*s**2. Let v(z) be the second derivative of l(z). Let p = -6 + 1. What is v(p)?
-6
Suppose -k + 34*y = 35*y + 9, -3*k + 3*y - 21 = 0. Let f(b) = -b**2 - 8*b - 4. What is f(k)?
-4
Suppose 43*l - 66 = 20. Let w(m) = -m. Give w(l).
-2
Let n = -36 + 38. Let b(w) = 6 - 17*w + w**3 - 8*w**2 + 23*w + 0*w**n + 4. What is b(7)?
3
Let n(q) = q - 3. Let o = 2 + 3. Let x be n(o). Let d(i) = 19*i + 2*i**2 - 16*i - 3*i**x. What is d(4)?
-4
Let g(a) = -4*a**3 + 11*a**2 - 7*a + 4. Let f(b) = -9*b**3 + 22*b**2 - 16*b + 7. Let u(r) = -3*f(r) + 7*g(r). Determine u(11).
-4
Let x(k) = -27*k**2 + 17*k - 4. Let u(w) = -746*w**2 + 1 + 4*w + 739*w**2 - 2. Let i(o) = -9*u(o) + 2*x(o). Calculate i(1).
8
Let r(m) = 323 - 8*m**2 - 320 + 3*m**3 - 2*m**3 - 11*m. Determine r(9).
-15
Let z(d) = d**2 - 3*d - 12. Let j = 372 - 366. What is z(j)?
6
Let f(u) = -2*u + 5. Let m(z) = -z - 1. Let w(d) = -f(d) + 3*m(d). Let h = -45 - -39. What is w(h)?
-2
Let u(h) = -h**3 + 10*h**2 - h 